posite number?
True
Suppose -5*r = -5*x + 460, -3*x = 3*r - 280 + 22. Is x composite?
False
Is (-296)/12*(-15)/5 prime?
False
Let n = 309 - 168. Is n a composite number?
True
Suppose j = -2*j + 6. Suppose j*t - 2*x + 16 - 64 = 0, t = -2*x + 18. Is t a prime number?
False
Let g(l) = 76*l**3 + 2*l**2 - 2*l + 1. Let x(v) = -v**2 - 2*v. Let r be x(-2). Suppose 0 = 4*a - 5*u - 19, -5*a + 4*u + 17 = -r*a. Is g(a) prime?
False
Suppose 3*i - 3 = -m, 0 = 2*m - 3*i - 2*i + 5. Let o(v) = -v**2 + v - 12. Let s be o(m). Let h = s - -26. Is h a prime number?
False
Let r(n) = 9*n**2 + 7*n - 18. Is r(-8) a prime number?
False
Suppose 298 = -s - s. Let g = 258 + s. Is g a prime number?
True
Let j be 0 + (-1 - 12/3). Let r = 84 + j. Is r composite?
False
Let f(r) = -15*r - 19. Let n(k) = -22*k - 28. Let o(c) = 7*f(c) - 5*n(c). Is o(8) a composite number?
False
Let n = 255 - 78. Is n a prime number?
False
Let g(x) = x**2 + 2*x - 1. Let i(v) = 2*v**2 + 5*v + 1. Let j be i(-4). Let z = 8 - j. Is g(z) a composite number?
True
Let s be 0/((1 + 5)/3). Is (-1 + s)/(10/(-150)) a prime number?
False
Let b(p) = 9*p + 2. Let z be (2 - 3)/(1/(-9)). Is b(z) a composite number?
False
Let m(f) = f**3 - 9 - 7*f**2 + 4 + f + 5*f. Is m(7) a composite number?
False
Suppose 0 = 3*h - 1075 - 26. Is h a prime number?
True
Suppose -4 + 39 = -5*c. Is -2*c/(-4)*-14 a prime number?
False
Let b be 7*(-1 - 0)*-11. Suppose 2*v = 43 + b. Let r = v + 17. Is r prime?
False
Let o(b) = 2*b**2 - 6*b - 15. Is o(-11) a prime number?
True
Let k = -13 - -16. Suppose 636 = k*g + 54. Is g a composite number?
True
Let z be 1/2 + (-14)/(-4). Suppose z*m - 9 - 7 = 0. Suppose -a + m*f + 49 = 0, -a + f - 145 = -5*a. Is a prime?
True
Suppose 0 = 3*z + z - 12, i + 3*z = 158. Is i a prime number?
True
Let c be 321 - (1 + 1 - 2). Suppose 7*f - c = 4*f. Let s = f + 116. Is s composite?
False
Suppose -7*g - 526 = -9*g. Is g a prime number?
True
Suppose 12 + 12 = 3*c + 4*h, 3*c + 3*h = 21. Let g(b) = -b**3 - 5*b**2 + 6*b - 2. Let w be g(c). Is (-2 - w - 0) + -1 a composite number?
True
Let x(w) = -w + 1. Let k(v) = -23*v + 1. Let r(s) = -k(s) + 2*x(s). Is r(10) composite?
False
Let w(y) = -y**2 - 3*y + 8. Let p be w(-6). Is 382/18 - p/(-45) a composite number?
True
Let k = -389 - -726. Is k a composite number?
False
Let i(f) = 1042*f**3 - 4*f + 4. Is i(1) composite?
True
Suppose k - 85 = -4*p, -k - 3*k - 4*p = -280. Is k a prime number?
False
Suppose n - 2*b - 99 = -12, 1 = -b. Suppose 2*x - n = 3*m, m = 2*x + 6*m - 45. Is x composite?
True
Let q = -4 + 4. Suppose -3*x - 2*x - r + 20 = q, 2*x = -2*r + 8. Is (-105)/(-2) - (-2)/x a prime number?
True
Suppose -2*g + 3 = -g - n, -g - 6 = 2*n. Suppose -v = -g*v - 3. Suppose -s + 35 = 2*z, 3*z + s - v*s = 63. Is z a composite number?
False
Let a = -3 + 18. Suppose 3*i = 4*d - a, i + 9 = 4*d - 4. Is d prime?
True
Let i(d) = 27*d - 35. Is i(11) a composite number?
True
Suppose a - 37 = -0*a. Is a a prime number?
True
Suppose 0*u - u + 749 = 0. Is u composite?
True
Suppose -4*o - 2*t + 5*t + 1087 = 0, 3*o + 3*t - 789 = 0. Suppose -2*d - y = -7*d + o, -5*d = -3*y - 274. Is d a composite number?
False
Let i(h) = 21*h**2 + h. Let a be i(-1). Let v be 2*-1 - (7 + a). Let q = v + 50. Is q a composite number?
True
Is (1 - 0)*(4 + 805) a prime number?
True
Suppose 5*b - 1494 - 291 = 4*n, 0 = -2*b + 4*n + 702. Is b a prime number?
False
Let f(m) = 71*m**2 - 5*m + 35. Is f(4) composite?
False
Suppose -8*h + 7*h = -6. Suppose h*i - 2*i - 804 = 0. Is i a prime number?
False
Let j(o) = -o**3 - 3*o**2 + 13*o - 10. Let f be j(-10). Suppose -5*l - f = -2025. Is l a composite number?
False
Let b = 7 - 4. Suppose n - 6 + b = 0. Suppose -m + n*m - 3 = u, 4*m + 3*u - 31 = 0. Is m a composite number?
True
Suppose -4*b - 2*c - 4 + 24 = 0, -b + 5 = c. Let w = b - 4. Is w/4 - 246/(-8) composite?
False
Let d = 920 - 181. Is d composite?
False
Suppose 3*y = 15 + 24. Suppose -2*z + 1 - y = 0. Let a(s) = -s**3 - 2*s**2 + 2*s - 5. Is a(z) prime?
True
Let q = 297 - 477. Let n = 262 + q. Suppose -3*v + 263 + n = 0. Is v composite?
True
Let g = 556 - 323. Is g a composite number?
False
Let p be 5*1*(78 - -5). Suppose z - p = -4*z. Is z prime?
True
Suppose 6*s - 3536 - 6874 = 0. Is s prime?
False
Let s(d) = d**2. Let r be s(-1). Let w(l) = r - 2 + 5*l**2 + 3. Is w(-3) composite?
False
Let q = 734 + -483. Is q a prime number?
True
Suppose k = 102 - 37. Is k composite?
True
Let q = -19 - -72. Is q a prime number?
True
Suppose -2*r - 1192 = -4*r. Let u = r + -359. Is u composite?
True
Suppose m - 16 = 178. Is m a prime number?
False
Let u(r) = 44*r - 1. Is u(9) prime?
False
Suppose -4*y - 2*w + 20 = 0, -6*w + 3*w + 3 = -3*y. Suppose 0 = 5*i - y*l - 337 + 18, -5*i = 4*l - 333. Is i prime?
False
Suppose 2*j - 8 = -0*j. Suppose 2350 = j*r + r - 3*y, 4*r + 3*y = 1907. Is r a prime number?
False
Suppose -6*r = -2*r - 124. Is r a composite number?
False
Let j(r) = -2 - 2*r + 2*r**2 + 1 - 3*r**2. Let n be j(-1). Suppose -s = -n*s - 23. Is s a prime number?
True
Suppose 33213 = 9*d + 1146. Is d a composite number?
True
Let d be (10/(-4))/((-2)/(-8)). Is (-554)/d + 6/(-15) a composite number?
True
Suppose 5*t = -4*z + 5 + 8, 0 = -z - t + 3. Suppose v = -2*o, -3*o - z = v - 0*v. Is v composite?
True
Let u(p) = -p**2 - 3*p + 2. Let j be u(-2). Suppose 0 = 3*d - 3, -j*d - d + 125 = 4*x. Is x/3 + 0/(-1) a composite number?
True
Let x(w) = -w. Let q(h) = 4*h + 3. Let z(b) = -q(b) - 3*x(b). Let p be z(-5). Suppose -3*g = p*g - 185. Is g a prime number?
True
Let l = 358 - 581. Let m = 408 + l. Is m a composite number?
True
Let t be 2 + (4/(-2) - 5). Let m(y) = 4*y - 4. Let x be m(t). Let p = x - -113. Is p a composite number?
False
Suppose 3*c = 4*u - 1131 - 2194, 5*u - 4190 = -3*c. Is u composite?
True
Suppose 0 = -5*c + 21 + 614. Is c a prime number?
True
Let o = 0 + 1. Let t(a) = 4*a + 19*a - 5*a + o. Is t(2) composite?
False
Let l(o) = -337*o - 5. Let u be l(5). Is u/(-8) - 3/12 a prime number?
True
Let m = -25 - -17. Let i be (-135)/6*(m + 2). Suppose 3*j + 2*j - x - 633 = 0, 4*x = -j + i. Is j a prime number?
True
Suppose -2*q + 2*j - 24 = 0, j = -3*q + 6*j - 40. Let c = 5 - q. Is c a prime number?
False
Let c = 1400 + -997. Is c prime?
False
Suppose -4*r + i = r - 1609, -3*i + 1613 = 5*r. Suppose 4*m - 2*m = r. Is m a prime number?
False
Let f(g) = 18*g - 11. Is f(10) composite?
True
Suppose 2*p - 305 = -p + 4*n, -p + 120 = -5*n. Is p a prime number?
False
Let b(g) = -12*g - 1. Let v be b(-7). Suppose q - 108 = v. Is q prime?
True
Is (3 + (0 - 0))*2455/15 a prime number?
True
Suppose 4*c + 1813 = -0*c + q, -4*c = 5*q + 1783. Let z be 5/25 - c/(-10). Let w = -10 - z. Is w prime?
False
Is -1 - 1 - (-29 - -1) a prime number?
False
Let y = 8 - 11. Let p(a) = 2*a**2 - 2*a + 7. Is p(y) composite?
False
Is 4 - (-10)/4*366 a prime number?
True
Let t = 2 + 0. Let h be (9/6 - t)*-2. Suppose -j - h = 4*a, 3*a = -3*j - 0*a + 6. Is j a prime number?
True
Let h be -213*2/(-12)*2. Suppose 5*d + 5*q = 720, 356 = 2*d - q + h. Is d prime?
False
Suppose 0 = 2*k + s - 191, 0*k - 2*k + 4*s + 206 = 0. Is k prime?
True
Let f(w) = 21*w**2 - 2. Suppose -3*r - 12 = -3. Is f(r) a prime number?
False
Suppose -v = -j - 9, -2*j - j = 2*v + 7. Suppose -v*l + 6*k + 1083 = k, 4*l = 3*k + 1077. Suppose -4*q + q = -l. Is q composite?
False
Suppose -w = -2*w - 5*q + 12, 0 = -5*w + 3*q + 4. Suppose -3 = w*z - 15. Is -230*(-3*1)/z composite?
True
Let k = -80 + 164. Suppose k = -u + 3*u. Is (u/10)/(2/10) composite?
True
Let b = 2 + -6. Is ((-2)/b)/(4/440) a prime number?
False
Let j(f) = -2*f + 0*f + 5*f. Let y be j(-2). Is ((-4)/y)/(4/966) a prime number?
False
Is -4 - 6695/(-5) - -2 a prime number?
False
Suppose -26*p + 25*p = -1399. Is p prime?
True
Suppose -f + 63 = 3*d, 136 = 6*f - 4*f + d. Is f prime?
False
Let y(x) = 6*x**2 - 17*x + 3. Is y(16) a prime number?
False
Suppose -2938 = -3*r + 9743. Is r prime?
False
Suppose 8*y - 4*y - 7132 = 0. Is y composite?
False
Let l(k) be the third derivative of -k**5/60 + 5*k**4/8 - 3*k**3/2 - 2*k**2. Is l(7) prime?
True
Suppose 0 = -5*a + 15 + 10. Suppose -14 = -2*k - 5*s, 4*k + 3*s - a = 23. Is k a prime number?
True
Suppose 2*b + 129 - 586 = -3*t, 0 = 4*t - 3*b - 581. Is t a prime number?
True
Let m b